et r(t) = t - 1. Let y = 67 - 65. Suppose -3*n + 4*p = -19, -y*n = -7*n + 3*p + 17. Determine r(n).
0
Suppose -4*x + 8*x = 8. Let s(m) = x - 2 - 3 + 0. Let k(d) = d - 2. Let i(y) = 3*k(y) - 2*s(y). Give i(3).
9
Let t(c) = -c**3 + 2*c**2 + 5*c - 2. Let h(w) = -4*w - 1. Suppose 4*j - 3*z - 2 = 0, j + z + 3 = -0. Let x be h(j). Give t(x).
4
Let n(y) be the second derivative of 3*y**5/10 - y**4/12 - y**3/6 + y**2/2 + 67*y. Calculate n(1).
5
Let o(b) = b**2 - 5*b + 2. Let i(m) = -2*m - 15. Let z be i(-10). Suppose n - z*y = 14, 2 = 3*n + y + 4*y. Let c be 10/n - 4/(-8). Determine o(c).
-4
Let i be (12/10)/(3*(-4)/30). Let n be (-42)/(-8) - i/4. Let f(v) = -v**3 + 6*v**2 - 2*v - 7. Give f(n).
-19
Suppose -12 = -45*o + 47*o. Let u(y) = -y**3 - 7*y**2 - 5*y + 8. Calculate u(o).
2
Let p(u) = -2*u + 4*u**2 + u + u**3 - 1 - 3. Suppose 7*i + 4 = 3*i - 4*d, -8*i - 34 = -5*d. Give p(i).
8
Let v(t) = -t**2 - t. Suppose -n + 209 = 4*x, -n + 107 = -x + 3*x. Let s = -54 + x. What is v(s)?
-6
Let u be -8*(4 - (-105)/(-24)). Let o(j) be the second derivative of 0 - 2*j**2 - 1/2*j**u + 7*j - 1/12*j**4. Give o(-3).
-4
Let t(g) = g**3 - 5*g**2 - 6*g + 5. Suppose -2*q = -3*n + 22, 4*n - 3*n = -4. Let m = 23 + q. Determine t(m).
5
Let s(u) = -u**2. Let w(x) be the third derivative of x**5/10 - x**3/6 + 39*x**2. Let v(c) = -11*s(c) - 2*w(c). Determine v(3).
-7
Let t(x) = x**3 - 4*x**2 + 2*x - 2. Let y be ((-27)/(-6))/(9/12). Let f(j) = 0 + j**2 + 5 - 3*j - y. Let r be f(4). What is t(r)?
-5
Let d(v) = -21*v - 18. Let z be d(-3). Let f be 64/10 + -3*6/z. Let y(l) = l. Give y(f).
6
Let z(h) = -17 - 2*h**2 + 11 + 6*h + 0 - 7*h + 11*h. What is z(4)?
2
Let j(y) = y**2 + 10*y - 10. Suppose 0 = -a + 5*f - 19, -2*a = -24*f + 25*f + 16. Give j(a).
-19
Let b(w) be the first derivative of w**5/20 + 7*w**4/12 + w**3/3 + w - 13. Let k(c) be the first derivative of b(c). Calculate k(-7).
-14
Let z(a) = -1 + 5 + 5*a + 347*a**2 - 346*a**2. Determine z(-6).
10
Suppose p + 5 = 3*n - 2*n, 2*n = 5*p + 28. Let b(f) = -f**2 + 5*f + 8. Let o be b(6). Let s(w) = 3*w - 2*w + 3*w + w + w**o. What is s(p)?
6
Let v(c) = 4*c + 10. Let x be v(-3). Let r(l) = -l**2 + 2*l + 2. Calculate r(x).
-6
Let s(b) = 0*b**2 - 25*b + 0*b**2 - 2*b + 2 + 23*b + 6*b**2. What is s(2)?
18
Let x(b) = b**2 - 5*b. Suppose 6*i - 132 = -96. Calculate x(i).
6
Let s(b) = -4*b**3 - 11*b**2 - 9*b - 25. Let o(v) = -3*v**3 - 7*v**2 - 6*v - 18. Let q(w) = 7*o(w) - 5*s(w). Give q(6).
17
Let v(p) = p**3 - 2*p**2 + 2*p - 2. Suppose -5*l = 262 + 118. Let w = -74 - l. Determine v(w).
2
Suppose -4*i + 6 = m - 9, -25 = -4*i + m. Let k be ((-30)/(-9))/((-6)/(-9)). Let r(o) = 2*o - o**2 - 3*o + k*o. What is r(i)?
-5
Suppose 0 = -z + 169 + 32. Let q(k) = -k**3 + 5*k**2 - z - k + 0*k**3 + 206. Calculate q(5).
0
Let q(d) = d**3 - 5*d**2 + d + 3. Let p(c) = -4 + 2*c + 2 + 2. Let h be p(-6). Let o = -8 - h. Give q(o).
-9
Let l(g) be the third derivative of -g**5/60 + g**4/3 - 7*g**3/6 + 3*g**2 - 31*g. Determine l(4).
9
Let u(a) = 2*a + 5*a - 32*a + 25*a + a**3. Calculate u(0).
0
Let t(s) be the second derivative of s**4/24 - 3*s**3/2 + 11*s**2/2 - 8*s. Let g(b) be the first derivative of t(b). Determine g(0).
-9
Let m(w) = w**3 - 7*w**2 + 3*w - 5. Let g be (99/(-66))/((-3)/10). Calculate m(g).
-40
Let t be (-19)/(-7) - (-4)/14. Let o be ((-4)/(-8))/(t/(-78)). Let w = o + 16. Let k(h) = h - 1. Give k(w).
2
Suppose -2*l + 4*k + 9 = -19, 2*l + 4*k = 4. Let s(c) = c**2 - 11*c + 1. Determine s(l).
-23
Let d = 6 - 4. Suppose -5*j + 5 = -3*f, 4*f - 5 = 5*j - 10*j. Let w(y) = -y + f*y + 4*y**d + 2*y - 3*y**2 - 1. What is w(1)?
1
Let n(p) be the second derivative of 0 - 31*p - 5/2*p**2 + 1/2*p**3. Calculate n(8).
19
Let d(c) be the third derivative of -1/6*c**3 - 26*c**2 + 0 + 0*c + 3/8*c**4. Determine d(1).
8
Let u(x) be the first derivative of 5*x - 6 - 1/2*x**2. Determine u(6).
-1
Let n(i) be the second derivative of -10*i**3/3 + 3*i. What is n(-1)?
20
Suppose 97 = 3*c + 25. Let q = 18 - c. Let r(i) = i**2 - 1. Let n(h) = -7*h**2 - 4*h + 14. Let b(a) = n(a) + 6*r(a). What is b(q)?
-4
Let v(x) = -x**2 + 4*x + 1. Let o be 14/4 + (-3)/6. Let p(n) = 3*n**3 - 2*n**2 - n + 2. Let y be p(2). Suppose -o*t + y = 1. Give v(t).
-4
Let c(b) = -b**3 + 6*b**2 + 3*b - 3. Let l be 7/2 + (-81)/(-6) + -12. Give c(l).
37
Suppose -5*x - 3*q - 69 = 16, q = 3*x + 51. Let j(d) = d**3 + 17*d**2 + d + 11. Determine j(x).
-6
Let r(w) = w**3 + 8*w**2 + 7*w - 5. Let i be r(-7). Let a be (-19)/i*-2 - (-4)/(-10). Let n(b) = b**2 + 8*b - 3. Determine n(a).
-3
Let z(t) = t**2 - 8*t - 6. Let s(b) = b**2 - 9*b - 7. Let d(k) = 5*s(k) - 6*z(k). Determine d(6).
-17
Let v(q) = -q - 7. Let g be 26/10 + 6/15. Suppose 5 = -2*j - g*n, -2*j + 4*n + 6 - 32 = 0. Give v(j).
0
Let l(p) = p**3 + 3*p**2 - 4*p. Suppose -27*n - 173 + 11 = 0. Let a(g) be the third derivative of g**4/12 + 3*g**3/2 - g**2. Let y be a(n). Calculate l(y).
12
Let q(v) be the first derivative of -v**2/2 - v - 10. Let f(k) = -4*k - 2. Let z(w) = f(w) - 2*q(w). Determine z(-1).
2
Suppose 13*k - 8 = 11*k. Let o(w) = -w**2 + 5*w - 5. Determine o(k).
-1
Let b(f) be the second derivative of 5*f**2 - f - 1/2*f**3 + 0. Give b(7).
-11
Let y = 594 + -598. Let m(z) = -2*z + 1 - 2 - 4*z. Give m(y).
23
Let u(h) = h**3 - 6*h**2 + 3*h + 3. Suppose -5*q = 5*w - 20, 0 = 2*q + 5*w + 6 - 14. Calculate u(q).
-17
Let j = 177 - 169. Let w(v) = -v + 7. Give w(j).
-1
Let v(p) = p**2 - 6*p - 20. Let t be 1/((-124)/32 + 4). Let j be v(t). Let i(d) be the second derivative of -d**4/12 - 5*d**3/6 - 3*d**2 + d. Determine i(j).
-2
Let o(f) = f**3 - f**2 - 2*f + 1. Let r be o(2). Let a be ((-22)/(-77))/(r/7). Let s(j) = 4 + 3*j - 22*j**2 + j**3 - j + 27*j**a. What is s(-5)?
-6
Let t(q) = q**3 + 3*q**2 - 3. Let y be 15*15/(-90)*(-8)/(-10). Give t(y).
1
Let b(y) = 2*y - 107 + 154 - 82. What is b(15)?
-5
Let f(s) = 10*s + 5*s + 25 - 17 - 21*s - s**2. Give f(-7).
1
Let k(b) = 123*b**3 + b - 1 - 88*b**3 - 4*b**2 - 34*b**3. Suppose 0*r + d = -r - 2, 5*r = 2*d + 25. Calculate k(r).
-7
Let q(l) be the second derivative of -l**4/12 + 3*l**3/2 - 11*l**2/2 - 2*l. Let j be q(7). Let g(x) = -x + 2*x + j*x. Determine g(-3).
-12
Let r(z) = -10*z + 20*z + 7 - 11*z + 3. Determine r(9).
1
Let q(i) = i + 7. Let a(s) = -2*s**2 + 13*s - 4. Let o be a(7). Determine q(o).
-4
Let o(f) be the third derivative of -1/20*f**5 + 0 + 0*f - 1/12*f**4 - 16*f**2 + 1/6*f**3. Let b = -3 + 1. What is o(b)?
-7
Let d(a) be the second derivative of -a**7/840 - a**6/360 + a**5/40 + a**4/24 - 13*a**3/3 + 40*a. Let k(o) be the second derivative of d(o). What is k(-2)?
-1
Let x(o) = o + 1. Let t(p) = -p**2 + 6*p + 7. Suppose 4*b - 9 = 3. Let w = b + -7. Let f(i) = w*x(i) + t(i). Give f(-3).
-12
Let r(a) = -7*a**3 + a**2 - a + 1. Let l = -19 - -23. Suppose -3 - l = -7*x. Determine r(x).
-6
Let y(n) = -2*n**2 - 6*n - 4. Suppose -5*m + 2*b + 8 = 30, -m = -3*b + 7. Calculate y(m).
-12
Let n(c) = c**2 - 25*c - 30. Let y be n(26). Let o(d) = -d**3 - 4*d**2 - d - 3. What is o(y)?
1
Suppose -5*l + 87 = 12. Let w = l + -12. Let v(h) = -3*h**3 + 2 + 5 + 3*h**3 - 5*h**2 + 7*h - h**w. Give v(-6).
1
Let o(l) = -7*l**2 - 2*l - 1. Let x(g) = g**2 - 12*g + 10. Let m be ((-110)/((-25)/5))/2. Let h be x(m). What is o(h)?
-6
Let l(b) = 2*b**3 + 2*b**2 + b - 1. Let p(m) be the first derivative of -3*m**2/2 - 22*m - 10. Let q be p(-8). Give l(q).
25
Let l = 9 - 0. Let s = 15 - l. Let p = s + -2. Let b(w) = w**3 - 4*w**2 - w + 5. Give b(p).
1
Let f(a) = -a**3 - 6*a**2 - 3*a + 2. Suppose -32 - 4 = 4*x - l, -l + 6 = -x. Let z be 0 + -3 + x/5. Calculate f(z).
-8
Let b(j) be the first derivative of 8*j**3/3 + 3*j**2/2 - 2*j - 166. What is b(2)?
36
Let t(h) be the third derivative of h**5/60 + h**4/4 + 5*h**3/6 - 4*h**2. Suppose -g - 9 = 3*l - 4*g, -g - 1 = -3*l. Suppose 0*z + l*z = -12. Give t(z).
5
Suppose 0 = 2*o + r - 2, -3*o = -2*o + 2*r + 2. Let y(f) = -5*f + 10*f**2 - 7*f**o - 2*f**2 - 1. Give y(6).
5
Let k(g) = 4*g + 2. Let o be k(-1). Let r(t) = -8*t**3 - 16*t**2 - 21*t + 1. Let h(v) = -2*v**3 - 4*v**2 - 5*v. Let s(a) = -9*h(a) + 2*r(a). What is s(o)?
-4
Let c be 48/(-4) + 4 - -3. Let p(w) be the second derivative of w**5/120 - w**4/24 + w**3/6 + w. Let h(r) be the second derivative of p(r). Calculate h(c).